{"id":2,"date":"2016-05-10T03:48:21","date_gmt":"2016-05-10T03:48:21","guid":{"rendered":"http:\/\/papa-update.ch\/?page_id=2"},"modified":"2026-01-09T23:07:26","modified_gmt":"2026-01-09T23:07:26","slug":"sample-page","status":"publish","type":"page","link":"https:\/\/papa-update.ch\/","title":{"rendered":"Kostenlose Testphase"},"content":{"rendered":"\n<p><\/p>\n\n\n\n<p><strong>Was ist Papa-Update?<\/strong><br>Ein WhatsApp-Update f\u00fcr V\u00e4ter von Kindern bis 6 Jahre.<\/p>\n\n\n\n<p><strong>Warum gibt es das?<\/strong><br>Wir wollen gute V\u00e4ter sein.<br>Wir geben unser Bestes \u2013 und das meistens auch ziemlich gut.<\/p>\n\n\n\n<p>Aber:<br>Wer hat bitte noch Zeit (oder Lust), dicke Erziehungsb\u00fccher zu lesen oder sich durch endlose Blogs und Podcasts zu k\u00e4mpfen?<br>Ganz ehrlich: Die meisten sind lang, trocken und anstrengend.<br>Ja, die Mamas sind oft top informiert (Respekt daf\u00fcr).<\/p>\n\n\n\n<p>Aber wir wollen neben Job und Papa-sein auch noch:<\/p>\n\n\n\n<ul>\n<li>ein bisschen Handyzeit<\/li>\n\n\n\n<li>Hobbys<\/li>\n\n\n\n<li>Freunde treffen<\/li>\n\n\n\n<li>oder einfach mal nichts tun<\/li>\n<\/ul>\n\n\n\n<p>Und das ist v\u00f6llig okay.<\/p>\n\n\n\n<p><strong>Die L\u00f6sung: Papa-Update<\/strong><br>Du bleibst informiert \u2013 ohne Aufwand.<\/p>\n\n\n\n<p>2\u00d7 pro Woche erh\u00e4ltst du per WhatsApp<\/p>\n\n\n\n<ul>\n<li>eine altersgerechte<\/li>\n\n\n\n<li>wissenschaftlich fundierte<\/li>\n\n\n\n<li>praxisnahe Info<\/li>\n<\/ul>\n\n\n\n<p>Ich lese die B\u00fccher, Texte von Expert:innen und h\u00f6re die Podcasts f\u00fcr dich.<br>Du bekommst nur die Essenz.<\/p>\n\n\n\n<p>Max. 1 Minute Lesezeit pro Nachricht. Versprochen.<br>(Ehrlich: Aufs WC gehen dauert l\u00e4nger. Auch am Pissoir.)<\/p>\n\n\n\n<p>Zur Abrundung gibt es als 3. Nachricht am Donnerstag einen Tipp<br>(z. B. Familienevent in deiner Region, Ferien- oder Produkttipp).<\/p>\n\n\n\n<p>Als Bonus kreiere ich pro Nachricht ein passendes (nicht ernst zunehmendes) Meme.<br>Denn das Ganze soll ja nicht nur kurz und fundiert sein, sondern auch ein bisschen Spass machen.<br>Und wahrscheinlich kannst du dir den Input so sowieso besser merken.<\/p>\n\n\n\n<p><strong>Willst du dabei sein?<\/strong><br>Ich suche 20 kostenlose Tester.<br>Wenn du dabei bist, bin ich dir extrem dankbar.<\/p>\n\n\n\n<p>Schreib einfach an <strong>+41 79 847 20 90<\/strong><\/p>\n\n\n\n<ul>\n<li>deine Postleitzahl und<\/li>\n\n\n\n<li>das Geburtsdatum deines Kindes<\/li>\n<\/ul>\n\n\n\n<p>(Name und Geschlecht sind nicht relevant.)<br>Von dieser Nummer bekommst du dann auch die 3 Nachrichten und Memes pro Woche.<\/p>\n\n\n\n<p>Danke f\u00fcrs Lesen \u2013 und vielleicht bis bald im Papa-Update.<\/p>\n\n\n\n<p><strong>Am Montag 12.01.2026, startet die 2-w\u00f6chige Testphase.<\/strong><\/p>\n\n\n\n<p><\/p>\n\n\n\n<p><\/p>\n\n\n\n<p><br><br><\/p>\n","protected":false},"excerpt":{"rendered":"<p>Was ist Papa-Update?Ein WhatsApp-Update f\u00fcr V\u00e4ter von Kindern bis 6 Jahre. Warum gibt es das?Wir wollen gute V\u00e4ter sein.Wir geben unser Bestes \u2013 und das meistens auch ziemlich gut. Aber:Wer hat bitte noch Zeit (oder Lust), dicke Erziehungsb\u00fccher zu lesen oder sich durch endlose Blogs und Podcasts zu k\u00e4mpfen?Ganz ehrlich: Die meisten sind lang, trocken&hellip; <a class=\"more-link\" href=\"https:\/\/papa-update.ch\/\"><span class=\"screen-reader-text\">Kostenlose Testphase<\/span> weiterlesen<\/a><\/p>\n","protected":false},"author":1,"featured_media":0,"parent":0,"menu_order":0,"comment_status":"closed","ping_status":"open","template":"","meta":[],"_links":{"self":[{"href":"https:\/\/papa-update.ch\/index.php?rest_route=\/wp\/v2\/pages\/2"}],"collection":[{"href":"https:\/\/papa-update.ch\/index.php?rest_route=\/wp\/v2\/pages"}],"about":[{"href":"https:\/\/papa-update.ch\/index.php?rest_route=\/wp\/v2\/types\/page"}],"author":[{"embeddable":true,"href":"https:\/\/papa-update.ch\/index.php?rest_route=\/wp\/v2\/users\/1"}],"replies":[{"embeddable":true,"href":"https:\/\/papa-update.ch\/index.php?rest_route=%2Fwp%2Fv2%2Fcomments&post=2"}],"version-history":[{"count":5,"href":"https:\/\/papa-update.ch\/index.php?rest_route=\/wp\/v2\/pages\/2\/revisions"}],"predecessor-version":[{"id":35,"href":"https:\/\/papa-update.ch\/index.php?rest_route=\/wp\/v2\/pages\/2\/revisions\/35"}],"wp:attachment":[{"href":"https:\/\/papa-update.ch\/index.php?rest_route=%2Fwp%2Fv2%2Fmedia&parent=2"}],"curies":[{"name":"wp","href":"https:\/\/api.w.org\/{rel}","templated":true}]}}